759 (base 10) to base 13
50585
What is -3142444 (base 5) in base 3?
-2200112022
What is -853a24 (base 12) in base 6?
-113010444
-1c874 (base 13) to base 9
-85285
Convert 42113022 (base 5) to base 9.
580181
3443050 (base 7) to base 8
1511373
What is 6199294 (base 10) in base 13?
139092a
-5000450 (base 6) to base 16
-38fee
b01a8 (base 13) to base 11
1a52aa
-34fc5 (base 16) to base 9
-360633
154906 (base 10) to base 9
255437
What is -5958 (base 12) in base 11?
-7575
-43300132 (base 5) to base 4
-1122002120
-369a5 (base 15) to base 5
-21034210
What is -2371262 (base 8) in base 2?
-10011111001010110010
What is -220202221001 (base 3) in base 6?
-14241344
Convert -4d72a (base 14) to base 4.
-232210122
-1d3b287 (base 14) to base 6
-1242211355
What is -3431 (base 11) in base 12?
-273b
3b8aa (base 16) to base 8
734252
What is 1b565 (base 15) in base 2?
10101101110001010
12140320432 (base 5) to base 7
233163640
Convert 1000011000 (base 3) to base 12.
b553
Convert 77755 (base 9) to base 3.
2121211212
-205817 (base 14) to base 10
-1090957
5096bc (base 13) to base 9
3471277
What is 12022211110 (base 3) in base 7?
614460
What is -233200123 (base 4) in base 7?
-1440211
56a87 (base 13) to base 16
2685c
What is 112122200111 (base 3) in base 9?
478614
Convert -94b47 (base 13) to base 10.
-267755
530125 (base 6) to base 8
123505
Convert -1666971 (base 12) to base 15.
-6126b1
What is 2140535 (base 6) in base 16?
19feb
-111111001100111101000 (base 2) to base 7
-23413643
52111 (base 12) to base 14
2b15b
Convert 33440121 (base 5) to base 6.
10203410
112063 (base 12) to base 8
1025313
Convert -31115 (base 6) to base 14.
-1727
What is -3757040 (base 9) in base 8?
-7633252
-311422203 (base 5) to base 11
-7a4494
Convert -71318 (base 12) to base 13.
-520a3
-4024351 (base 6) to base 8
-563413
What is 13254200 (base 6) in base 12?
194360
e9151 (base 16) to base 11
5a2314
What is -f38f7 (base 16) in base 11?
-621590
What is 11350114 (base 6) in base 8?
1270136
Convert -10550035 (base 6) to base 7.
-2523311
21200000010 (base 3) to base 13
538c2
What is -313ea (base 15) in base 6?
-3202521
Convert 57040 (base 10) to base 6.
1120024
Convert -78ad6 (base 16) to base 7.
-4126043
Convert -18329 (base 15) to base 3.
-10222110110
What is -4e6de (base 16) in base 14?
-85102
Convert 16779 (base 10) to base 2.
100000110001011
What is -2ba63a (base 13) in base 3?
-2000212012020
Convert -721140 (base 11) to base 9.
-2154586
What is -46a6ef (base 16) in base 7?
-54233200
What is -26650 (base 7) in base 5?
-212224
Convert -33322323020 (base 4) to base 3.
-21212000222112
Convert 242255435 (base 6) to base 10.
4595567
Convert 70184 (base 16) to base 9.
768735
What is -6ab64 (base 12) in base 15?
-2c721
-55616500 (base 7) to base 16
-496af2
3370335 (base 8) to base 2
11011111000011011101
What is -73663127 (base 8) in base 3?
-1002112002200022
Convert -3845c9 (base 14) to base 7.
-22300242
-188 (base 9) to base 4
-2201
What is -256112 (base 8) in base 14?
-246ca
Convert 125072 (base 15) to base 7.
10313423
Convert -114223442 (base 5) to base 7.
-4404102
11111010100000001 (base 2) to base 11
883a8
Convert 102720 (base 11) to base 5.
20231312
15204b (base 13) to base 4
1332212123
b16b (base 13) to base 3
1020111122
Convert 11011110111000011000 (base 2) to base 4.
3132320120
Convert -110310103 (base 4) to base 15.
-1a3e7
-33813 (base 14) to base 5
-13000230
Convert 74003 (base 9) to base 16.
bece
-576b9b (base 12) to base 15
-1ca358
What is 10113042112 (base 5) in base 6?
1004231132
Convert -1009737 (base 12) to base 9.
-5575687
What is 3028580 (base 11) in base 15?
70bb56
-1d901 (base 15) to base 9
-156361
What is -3230103001 (base 4) in base 15?
-141b9d
Convert 6641615 (base 8) to base 2.
110110100001110001101
1031211211 (base 4) to base 16
4d965
220300 (base 4) to base 14
d44
What is -37361676 (base 8) in base 16?
-7de3be
What is -3546335 (base 8) in base 14?
-1b36a1
What is 2769a74 (base 11) in base 4?
102030330023
Convert 13261022 (base 7) to base 14.
23c549
What is -43031322 (base 5) in base 8?
-1301766
-210020032 (base 4) to base 8
-441016
126244 (base 9) to base 4
102233023
Convert -211120201212001 (base 3) to base 16.
-b7208c
What is -1240244301 (base 5) in base 12?
-1034775
2022001212110 (base 3) to base 11
764984
Convert -103400252 (base 6) to base 12.
-753088
What is 20231354 (base 7) in base 3?
10011210002112
Convert b20b1 (base 15) to base 3.
1001122101011
What is 103b6c (base 15) in base 8?
2743755
Convert -d8b56 (base 14) to base 5.
-113223332
Convert -111100102202011 (base 3) to base 8.
-33040253
Convert -1000311331 (base 4) to base 12.
-109851
b54b9 (base 14) to base 15
89848
-4434034 (base 5) to base 2
-10010111001010010
Convert -136004313 (base 7) to base 8.
-42072405
What is 435841 (base 13) in base 4?
12002202031
Convert -20540 (base 11) to base 3.
-1112001120
What is -198586 (base 11) in base 2?
-1001010010000100111
282163 (base 9) to base 6
3405050
What is 2a1f0 (base 16) in base 2?
101010000111110000
What is -1b163 (base 14) in base 10?
-68883
-321812 (base 9) to base 14
-4dbbb
What is -52463306 (base 7) in base 5?
-2113421304
What is -286ac1 (base 13) in base 14?
-1b951d
Convert -475517 (base 11) to base 15.
-ed5e9
Convert 1359601 (base 10) to base 3.
2120002000121
110337 (base 16) to base 14
210463
Convert -528894 (base 14) to base 7.
-32465644
-1ba904 (base 13) to base 15
-e00de
Convert 113123232 (base 4) to base 16.
176ee
What is -1083718 (base 15) in base 3?
-211012212122012
Convert -260177 (base 9) to base 8.
-463657
What is -1553636 (base 8) in base 10?
-448414
-111201012021 (base 3) to base 15
-54e67
What is -1d9966 (base 15) in base 8?
-5420014
Convert -3446833 (base 11) to base 16.
-5bf4c9
Convert 230a (base 13) to base 10.
4911
Convert 22431236 (base 9) to base 5.
10241314443
What is 21222120210 (base 3) in base 12?
76b49
What is 5215d0 (base 16) in base 2?
10100100001010111010000
Convert e976f9 (base 16) to base 15.
1523680
6b111 (base 14) to base 3
111020212122
-100a0 (base 16) to base 8
-200240
What is 7c7a7 (base 15) in base 14?
a4771
What is 10100111010110000 (base 2) in base 16?
14eb0
What is -1010021201122 (base 3) in base 8?
-2214233
Convert 278644 (base 11) to base 3.
211011002120
What is -12304310 (base 5) in base 4?
-131020202
261655 (base 7) to base 15
e667
What is 3dbe1 (base 16) in base 13?
8b158
What is -37b4a5 (base 15) in base 6?
-133124132
What is -20044654 (base 8) in base 14?
-7b95a4
Convert a5fce (base 16) to base 13.
1aa5cc
Convert -1743b19 (base 12) to base 8.
-22301205
What is 204748 (base 11) in base 16?
50285
Convert -816599 (base 11) to base 3.
-2110122101021
What is -11250475 (base 8) in base 10?
-2445629
What is -8328364 (base 9) in base 6?
-235200134
What is 412350 (base 8) in base 10?
136424
Convert -1101011001000100100001 (base 2) to base 7.
-41560605
Convert 10a693 (base 12) to base 6.
5420303
-10b96 (base 16) to base 12
-33786
Convert 781 (base 15) to base 12.
b94
-1000 (base 16) to base 2
-1000000000000
What is 55132506 (base 7) in base 10?
4730907
Convert -1533a6 (base 11) to base 12.
-b61a0
89c760 (base 13) to base 6
153433310
What is -9a59 (base 13) in base 11?
-151aa
Convert 142083 (base 9) to base 13.
3069c
Convert -10111110100100011011011 (base 2) to base 6.
-341502015
What is -167187 (base 9) in base 11?
-70993
Convert 168422 (base 14) to base 6.
24542234
What is -766cc3 (base 14) in base 13?
-aa71c7
379215 (base 11) to base 2
10010001111101110101
What is 1110110010110001111001 (base 2) in base 8?
16626171
What is -23222142 (base 5) in base 13?
-7500a
What is 10325530 (base 6) in base 3?
120121022100
Convert -4765313 (base 10) to base 7.
-55335020
10113123 (base 4) to base 8
42733
121022023 (base 4) to base 6
2113031
-bda8d9 (base 15) to base 11
-511a16a
Convert 12453551 (base 6) to base 3.
202220201211
What is 10333067 (base 8) in base 3?
11011020122020
What is -5c5a6c (base 15) in base 14?
-832158
Convert -135570 (base 11) to base 8.
-636527
Convert 2080cc (base 13) to base 5.
143312310
Convert -101230454 (base 6) to base 13.
-491893
What is -443030234 (base 5) in base 10?
-1923819
-1657503 (base 8) to base 13
-13bba7
What is 1867bb (base 13) in base 6?
21055552
Convert 525021403 (base 6) to base 2.
1000110001001